greatest common factor of g and 108?
12
Let g(y) = -9*y + 64. Let l be g(6). Calculate the highest common factor of 2 and l.
2
Suppose 4 = 4*o + 4*v, 0 - 7 = -o + v. Suppose o*d + 6 = 26. Calculate the highest common factor of d and 5.
5
Let a(b) = b**2 - 4*b**2 + 4*b**2. Let j be a(-1). Let o(k) = 14*k**3 + k - 1. Let n be o(j). What is the highest common factor of 14 and n?
14
Let u(w) = -w + 1. Let g(x) = 1. Let m(c) = 5*g(c) - u(c). Let l be m(3). Calculate the highest common divisor of 28 and l.
7
Suppose 2*x + 26 = 3*c - 8, -4*x + 4 = 0. Calculate the greatest common divisor of 24 and c.
12
Let h(g) = g + 9. Let i be (-2)/(8/10)*-2. Let j = i + -12. Let q be h(j). Calculate the highest common factor of q and 14.
2
Suppose -4*w - 35 = l, -2*w - 5*l + 23 = -4*w. Let c = 14 + w. Let a = c - -114. What is the greatest common divisor of 17 and a?
17
Let o = 7 - -202. What is the greatest common divisor of 19 and o?
19
Suppose -3*g = -5*z - 37, 2*z = -0*g + 5*g - 30. Let c = -3 - z. Let o = 17 + -7. Calculate the greatest common divisor of o and c.
2
Let m(q) = 6*q**2 - 26. Let x be m(6). What is the greatest common factor of x and 10?
10
Let y be (-5)/(25/(-495)) - 3*1. Let n be 24*(-1 - 6/(-4)). What is the highest common factor of n and y?
12
Let w(n) = 6*n. Let b(u) = u**2 + 3*u - 6. Let h be b(-5). Let s be w(h). Suppose -2*z + 4*z - 120 = 0. Calculate the greatest common divisor of z and s.
12
Suppose -4*q = -9 - 7. Calculate the greatest common divisor of q and 4.
4
Suppose 0*w = 2*w + 4*m - 12, 2*m = 2. What is the greatest common factor of 4 and w?
4
Let s(p) = 6*p - 9. Let o be s(4). What is the greatest common factor of 15 and o?
15
Let u = 6 - -3. Calculate the highest common factor of 9 and u.
9
Let k = 45 - 18. Calculate the highest common divisor of k and 108.
27
Suppose -4*j - 21 - 34 = -3*n, 4*j = 4*n - 60. Let k be 2*(1 - 2)*j. Let i be (k - 1) + (-2 - 0). Calculate the greatest common divisor of 34 and i.
17
Suppose 7 = -4*n - 13. Let k(d) = -d**3 - 4*d**2 + 2*d + 1. Let q be k(n). Calculate the highest common divisor of q and 80.
16
Let f = -8 - -12. Let a = 0 - -1. Calculate the highest common factor of a and f.
1
Suppose 3*w - 3*a = 66, -3*w - 2*a = a - 36. What is the highest common factor of 17 and w?
17
Suppose -4*u = -4*x - 20, 20 = 3*u + x + x. Let f be 2 - (-2)/(-1) - 110. Let p = -62 - f. What is the highest common divisor of p and u?
6
Let p be ((-10)/(-3))/(6/72). Calculate the greatest common factor of p and 10.
10
Let y be -26*(0 - (-20)/(-8)). Suppose y = 5*x - 5*p, x - 4*p - 39 = -17. Calculate the greatest common factor of 15 and x.
5
Let x = -204 + -885. Let s be ((-4)/6)/(6/x). Calculate the greatest common factor of s and 11.
11
Suppose -a = -4*a + 2*h + 42, -3*h + 3 = a. Suppose 8*x = 2*r + 5*x - 27, -4*r + 49 = -5*x. What is the greatest common factor of a and r?
6
Suppose 3 = a + v, -5*a + v = -4*v - 35. Suppose 0*r = -a*r - 40. Let q be (r/(-16))/(2/56). What is the highest common factor of q and 126?
14
Suppose -5*b - 256 = -10*b + o, 264 = 5*b + o. Calculate the highest common divisor of b and 26.
26
Suppose 7*q + 42 = 203. Calculate the greatest common divisor of 115 and q.
23
Let a = 17 + 13. What is the highest common divisor of a and 150?
30
Let i be 2*(-394)/(-8) - 17/34. What is the greatest common factor of 14 and i?
14
Let a = -30 + 47. Calculate the greatest common divisor of 17 and a.
17
Suppose 2*a = 3*p + 5, -2*a - 29 - 6 = 5*p. Let u = a + 15. What is the greatest common factor of u and 5?
5
Let a(n) = 2*n**2 + 17*n + 9. Let t be a(-8). Calculate the highest common factor of 11 and t.
1
Let m = -130 + 195. Calculate the greatest common factor of 26 and m.
13
Let k be 84 + 1 - (-9 + 10). Calculate the highest common factor of 63 and k.
21
Suppose 6*m = m - 5. Let n = m + 3. Suppose -2*b + 29 = -i + 10, 2*b - n*i = 18. Calculate the highest common divisor of b and 80.
10
Suppose 0 = -3*o - 15 - 21. Let p be (-5)/((-10)/o)*-3. Suppose z + 2*z = 27. Calculate the highest common factor of p and z.
9
Suppose 5*p = p. Suppose p = -z + 6*z + 5, 473 = 5*v + 2*z. Calculate the highest common divisor of v and 38.
19
Let b(v) be the second derivative of v**3/3 + v. Let j be b(1). Suppose 75 = 3*o + 3*x - j*x, 5*x + 57 = 3*o. Calculate the highest common divisor of 12 and o.
12
Let j(l) be the second derivative of -l**4/12 + 3*l**3/2 + 4*l**2 + 6*l. Let q be j(7). What is the highest common divisor of 33 and q?
11
Suppose 4*j - 6*j - 5*i = -29, -5*j + i + 32 = 0. Calculate the highest common factor of j and 63.
7
Suppose 5*w - d - 4*d - 1495 = 0, 5*w - 1501 = -d. Suppose a = -4*a + w. Calculate the highest common divisor of a and 20.
20
Suppose 2*c = w - 33, 0 = 4*w + 1 - 13. Let k = 27 + c. Let v = -14 - -16. What is the highest common factor of v and k?
2
Let y = -1 - -5. Let w = y - 3. Let v be (-7 - -4)/(6/(-4)). Calculate the highest common divisor of v and w.
1
Let l = 9 + -2. Suppose 45 = l*g - 2*g. Calculate the highest common factor of 9 and g.
9
Let j be 6*-1*(-1 + 4/12). Calculate the greatest common divisor of 2 and j.
2
Let f be (0/(-4))/(-1 + -1). Let m be -3 - f - (-5 + -20). Calculate the highest common factor of 55 and m.
11
Let f(a) = -2*a**2 - 3*a - a**2 + 5*a**2 - 5 - a**2. Let g be f(5). Suppose 2 = -g*u + 22. What is the greatest common divisor of 6 and u?
2
Suppose 5*s = -5*g + 645, -188 = -5*g - 4*s + 461. Calculate the highest common factor of g and 38.
19
Let q(s) = -s**3 + s**2 - 3*s - 2. Let y be q(5). Let z = -69 - y. What is the highest common factor of z and 8?
8
Suppose -2*q - r + 186 = -q, 0 = -3*q + 3*r + 576. Calculate the highest common divisor of 21 and q.
21
Suppose -5*t + 217 = -2*o, -5*t = -0*t + o - 214. What is the highest common divisor of t and 387?
43
Let s(t) = t**3 - 4*t**2 - t - 8. Let o be s(5). What is the highest common divisor of 4 and o?
4
Let w = -110 - -161. Calculate the highest common divisor of 68 and w.
17
Let o = -9 - -3. Let l be 71 + 1 - 0/o. Calculate the greatest common factor of l and 12.
12
Suppose -n - 1 = i, 0 = 4*n - 7*i + 3*i + 12. Let p be n*((-13)/1 - -3). What is the greatest common divisor of 180 and p?
20
Let t = -168 - -251. Let d = t + -35. Suppose -2*y + 3*p = -32, -3*y - 2*p + 80 = 2*y. Calculate the highest common factor of d and y.
16
Let q be (-4)/14 + (-12)/(-42). Suppose q = -2*x + 6*x. Suppose x*w - w = -187. What is the highest common factor of 17 and w?
17
Let n = -1 - -36. What is the greatest common factor of 14 and n?
7
Let a(o) = -19*o + 7. Let c be a(-1). Calculate the highest common divisor of c and 143.
13
Let a(d) = -15*d - 15. Let o be a(-2). Calculate the highest common factor of 15 and o.
15
Let y(c) = c**2 + 5*c - 1. Let q be y(-6). Suppose 24 = 2*a + q*i, -3*i - 23 = -a - 0*i. What is the greatest common divisor of 51 and a?
17
Let b(v) = 7*v - 1. Let l be b(2). Let q = 202 + -98. Calculate the highest common factor of l and q.
13
Let s(v) = 5*v - 2. Let r be s(0). Suppose -12 = -3*a - a. Let y be a - ((-2)/r + 0). Calculate the highest common divisor of y and 22.
2
Suppose 13 = h + 4*k, h - 3*k = -2*h + 39. Let f be (-1)/3*(4 - h). What is the highest common factor of 15 and f?
3
Suppose 0 = 3*f - 16 - 2. What is the highest common factor of f and 24?
6
Suppose -2*p = -g - 22 - 5, -3*g - 29 = -2*p. Calculate the highest common factor of p and 117.
13
Let d = 30 + -21. What is the highest common divisor of d and 18?
9
Let f(o) = -4*o - 2. Let r be f(-3). What is the greatest common factor of 70 and r?
10
Let u = -5 + 10. Suppose -u*c = -c - 52. What is the highest common divisor of c and 52?
13
Suppose -2*h + 42 = 2*r, 0 = 3*r - r - 2*h - 34. What is the greatest common factor of r and 152?
19
Let v = 335 - 287. Let g(l) = -l**3 + 7*l**2 - 7*l + 1. Let w be g(5). Calculate the highest common divisor of v and w.
16
Let m(l) = -l**2 + l + 20. Let u be m(0). Let v = -30 - -50. What is the greatest common factor of u and v?
20
Let p = 3 - 1. Suppose -v - p*o = -3*v, 2*o - 9 = -v. What is the greatest common factor of 21 and v?
3
Let l = -59 - -103. Let h = 13 + -9. What is the highest common factor of h and l?
4
Let r(m) = m + 3. Let o be r(-5). Let z(w) = -2*w**3 - 2*w**2 + w. Let y be z(o). Calcula